{"id":122,"date":"2025-12-14T18:28:40","date_gmt":"2025-12-14T17:28:40","guid":{"rendered":"http:\/\/roboczaxybergen.pl\/?page_id=122"},"modified":"2025-12-16T11:18:57","modified_gmt":"2025-12-16T10:18:57","slug":"obsluga-techniczna","status":"publish","type":"page","link":"http:\/\/roboczaxybergen.pl\/?page_id=122","title":{"rendered":"Obs\u0142uga techniczna"},"content":{"rendered":"\t\t<div data-elementor-type=\"wp-page\" data-elementor-id=\"122\" class=\"elementor elementor-122\">\n\t\t\t\t<div class=\"elementor-element elementor-element-52b4a83 e-flex e-con-boxed e-con e-parent\" data-id=\"52b4a83\" data-element_type=\"container\" data-settings=\"{&quot;background_background&quot;:&quot;classic&quot;}\">\n\t\t\t\t\t<div class=\"e-con-inner\">\n\t\t<div class=\"elementor-element elementor-element-41a94629 e-con-full e-grid e-con e-child\" data-id=\"41a94629\" data-element_type=\"container\">\n\t\t<div class=\"elementor-element elementor-element-4cb5d0cd e-con-full e-flex e-con e-child\" data-id=\"4cb5d0cd\" data-element_type=\"container\">\n\t\t\t\t<div class=\"elementor-element elementor-element-94a8671 elementor-widget elementor-widget-heading\" data-id=\"94a8671\" data-element_type=\"widget\" data-widget_type=\"heading.default\">\n\t\t\t\t\t<h2 class=\"elementor-heading-title elementor-size-default\">Obs\u0142uga techniczna<\/h2>\t\t\t\t<\/div>\n\t\t\t\t<div class=\"elementor-element elementor-element-1990fb8f elementor-widget elementor-widget-button\" data-id=\"1990fb8f\" data-element_type=\"widget\" data-widget_type=\"button.default\">\n\t\t\t\t\t\t\t\t\t\t<a class=\"elementor-button elementor-button-link elementor-size-sm\" href=\"http:\/\/roboczaxybergen.pl\/\">\n\t\t\t\t\t\t<span class=\"elementor-button-content-wrapper\">\n\t\t\t\t\t\t\t\t\t<span class=\"elementor-button-text\">Strona g\u0142\u00f3wna<\/span>\n\t\t\t\t\t<\/span>\n\t\t\t\t\t<\/a>\n\t\t\t\t\t\t\t\t<\/div>\n\t\t\t\t<div class=\"elementor-element elementor-element-551755c elementor-widget elementor-widget-text-editor\" data-id=\"551755c\" data-element_type=\"widget\" data-widget_type=\"text-editor.default\">\n\t\t\t\t\t\t\t\t\t<h2 data-path-to-node=\"0\">Kompleksowa Obs\u0142uga Techniczna Wydarze\u0144 (Technical Event Management)<\/h2><p data-path-to-node=\"1\">Zapewniamy <b>kompleksow\u0105 realizacj\u0119 techniczn\u0105<\/b> ka\u017cdego wydarzenia \u2013 od wst\u0119pnej fazy projektowej, a\u017c po demonta\u017c i finalizacj\u0119 prac. Nasza us\u0142uga Technical Event Management stanowi gwarancj\u0119 <b>sprawnego przebiegu eventu<\/b>, pe\u0142nej kontroli nad wszystkimi systemami oraz <b>bezpiecze\u0144stwa wszystkich uczestnik\u00f3w<\/b>. Dzi\u0119ki po\u0142\u0105czeniu naszego do\u015bwiadczenia z najnowocze\u015bniejszymi rozwi\u0105zaniami technologicznymi, tworzymy wydarzenia, kt\u00f3re wyr\u00f3\u017cniaj\u0105 si\u0119 profesjonalizmem i zapadaj\u0105 w pami\u0119\u0107.<\/p><hr data-path-to-node=\"2\" \/><h3 data-path-to-node=\"3\">Dlaczego Zapewniamy Pe\u0142n\u0105 Niezawodno\u015b\u0107?<\/h3><ul data-path-to-node=\"4\"><li><p data-path-to-node=\"4,0,0\"><b>Holistyczne Zarz\u0105dzanie Techniczne:<\/b> Przejmujemy pe\u0142n\u0105 odpowiedzialno\u015b\u0107 za wszystkie aspekty techniczne produkcji, umo\u017cliwiaj\u0105c Pa\u0144stwu skoncentrowanie si\u0119 wy\u0142\u0105cznie na go\u015bciach, prelegentach i merytorycznej stronie wydarzenia.<\/p><\/li><li><p data-path-to-node=\"4,1,0\"><b>Wysoko Wykwalifikowany Zesp\u00f3\u0142 Specjalist\u00f3w:<\/b> Nasi realizatorzy techniczni (\u015bwiat\u0142o, d\u017awi\u0119k, multimedia) nadzoruj\u0105 ka\u017cdy etap produkcji \u2013 od szczeg\u00f3\u0142owego projektu, przez efektywny monta\u017c i pr\u00f3by, po precyzyjn\u0105 realizacj\u0119 na \u017cywo.<\/p><\/li><li><p data-path-to-node=\"4,2,0\"><b>Technologie i Sprz\u0119t Klasy Premium:<\/b> Korzystamy wy\u0142\u0105cznie z renomowanych system\u00f3w o\u015bwietleniowych, nag\u0142o\u015bnieniowych i multimedialnych, co zapewnia maksymaln\u0105 niezawodno\u015b\u0107 operacyjn\u0105, stabilno\u015b\u0107 pracy i najwy\u017csz\u0105 jako\u015b\u0107 techniczn\u0105.<\/p><\/li><li><p data-path-to-node=\"4,3,0\"><b>Priorytet: Bezpiecze\u0144stwo i Przygotowanie:<\/b> Ka\u017cda instalacja jest realizowana z bezwzgl\u0119dnym przestrzeganiem norm BHP. Dbamy o stabilno\u015b\u0107 konstrukcji, prawid\u0142owe okablowanie i pe\u0142ne bezpiecze\u0144stwo techniczne ca\u0142ego przedsi\u0119wzi\u0119cia.<\/p><\/li><\/ul><hr data-path-to-node=\"5\" \/><h3 data-path-to-node=\"6\">Zakres Us\u0142ug Obs\u0142ugi Technicznej:<\/h3><ul data-path-to-node=\"7\"><li><p data-path-to-node=\"7,0,0\"><b>Kompletna Koordynacja Techniczna<\/b> ca\u0142ego wydarzenia.<\/p><\/li><li><p data-path-to-node=\"7,1,0\">Opracowanie <b>Projektu i Planu Technicznego<\/b> (rysunki CAD, wizualizacje scenografii, plany okablowania).<\/p><\/li><li><p data-path-to-node=\"7,2,0\"><b>Monta\u017c i Demonta\u017c<\/b> system\u00f3w konstrukcyjnych, o\u015bwietlenia, nag\u0142o\u015bnienia i instalacji multimedialnych.<\/p><\/li><li><p data-path-to-node=\"7,3,0\"><b>Realizacja Techniczna na \u017bywo<\/b> (operowanie \u015bwiat\u0142em, d\u017awi\u0119kiem i wideo).<\/p><\/li><li><p data-path-to-node=\"7,4,0\">Przeprowadzanie <b>Pr\u00f3b Technicznych (Rehearsals)<\/b> i zapewnienie pe\u0142nej gotowo\u015bci operacyjnej w trakcie eventu.<\/p><\/li><li><p data-path-to-node=\"7,5,0\"><b>Ca\u0142odobowe Wsparcie Techniczne<\/b> i pomoc w rozwi\u0105zywaniu bie\u017c\u0105cych problem\u00f3w.<\/p><\/li><\/ul><h3 data-path-to-node=\"8\">Dedykowane dla:<\/h3><ul data-path-to-node=\"9\"><li><p data-path-to-node=\"9,0,0\"><b>Koncert\u00f3w i Festiwali Muzycznych<\/b><\/p><\/li><li><p data-path-to-node=\"9,1,0\"><b>Event\u00f3w Korporacyjnych i Akcji Marketingowych<\/b><\/p><\/li><li><p data-path-to-node=\"9,2,0\"><b>Konferencji, Kongres\u00f3w i Prezentacji Produkt\u00f3w<\/b><\/p><\/li><li><p data-path-to-node=\"9,3,0\"><b>Gal, Pokaz\u00f3w Artystycznych i Uroczysto\u015bci Oficjalnych<\/b><\/p><\/li><li><p data-path-to-node=\"9,4,0\"><b>Wydarze\u0144 Plenerowych (Outdoor) i Realizacji Indoor<\/b><\/p><\/li><\/ul>\t\t\t\t\t\t\t\t<\/div>\n\t\t\t\t<\/div>\n\t\t<div class=\"elementor-element elementor-element-75def7ee e-con-full e-flex e-con e-child\" data-id=\"75def7ee\" data-element_type=\"container\">\n\t\t\t\t<div class=\"elementor-element elementor-element-16997c79 elementor-widget elementor-widget-image\" data-id=\"16997c79\" data-element_type=\"widget\" data-widget_type=\"image.default\">\n\t\t\t\t\t\t\t\t\t\t\t\t\t\t\t<img fetchpriority=\"high\" decoding=\"async\" width=\"1024\" height=\"683\" src=\"http:\/\/roboczaxybergen.pl\/wp-content\/uploads\/2025\/12\/DSC6675-1024x683.jpg\" class=\"attachment-large size-large wp-image-57\" alt=\"\" srcset=\"http:\/\/roboczaxybergen.pl\/wp-content\/uploads\/2025\/12\/DSC6675-1024x683.jpg 1024w, http:\/\/roboczaxybergen.pl\/wp-content\/uploads\/2025\/12\/DSC6675-300x200.jpg 300w, http:\/\/roboczaxybergen.pl\/wp-content\/uploads\/2025\/12\/DSC6675-768x512.jpg 768w, http:\/\/roboczaxybergen.pl\/wp-content\/uploads\/2025\/12\/DSC6675-1536x1024.jpg 1536w, http:\/\/roboczaxybergen.pl\/wp-content\/uploads\/2025\/12\/DSC6675-2048x1365.jpg 2048w\" sizes=\"(max-width: 1024px) 100vw, 1024px\" \/>\t\t\t\t\t\t\t\t\t\t\t\t\t\t\t<\/div>\n\t\t\t\t<\/div>\n\t\t\t\t<\/div>\n\t\t\t\t\t<\/div>\n\t\t\t\t<\/div>\n\t\t\t\t<\/div>\n\t\t","protected":false},"excerpt":{"rendered":"<p>Obs\u0142uga techniczna Strona g\u0142\u00f3wna Kompleksowa Obs\u0142uga Techniczna Wydarze\u0144 (Technical Event Management) Zapewniamy kompleksow\u0105 realizacj\u0119 techniczn\u0105 ka\u017cdego wydarzenia \u2013 od wst\u0119pnej fazy projektowej, a\u017c po demonta\u017c i finalizacj\u0119 prac. Nasza us\u0142uga Technical Event Management stanowi gwarancj\u0119 sprawnego przebiegu eventu, pe\u0142nej kontroli nad wszystkimi systemami oraz bezpiecze\u0144stwa wszystkich uczestnik\u00f3w. Dzi\u0119ki po\u0142\u0105czeniu naszego do\u015bwiadczenia z najnowocze\u015bniejszymi rozwi\u0105zaniami technologicznymi, [&hellip;]<\/p>\n","protected":false},"author":1,"featured_media":0,"parent":0,"menu_order":0,"comment_status":"closed","ping_status":"closed","template":"elementor_header_footer","meta":{"footnotes":""},"class_list":["post-122","page","type-page","status-publish","hentry"],"_links":{"self":[{"href":"http:\/\/roboczaxybergen.pl\/index.php?rest_route=\/wp\/v2\/pages\/122","targetHints":{"allow":["GET"]}}],"collection":[{"href":"http:\/\/roboczaxybergen.pl\/index.php?rest_route=\/wp\/v2\/pages"}],"about":[{"href":"http:\/\/roboczaxybergen.pl\/index.php?rest_route=\/wp\/v2\/types\/page"}],"author":[{"embeddable":true,"href":"http:\/\/roboczaxybergen.pl\/index.php?rest_route=\/wp\/v2\/users\/1"}],"replies":[{"embeddable":true,"href":"http:\/\/roboczaxybergen.pl\/index.php?rest_route=%2Fwp%2Fv2%2Fcomments&post=122"}],"version-history":[{"count":7,"href":"http:\/\/roboczaxybergen.pl\/index.php?rest_route=\/wp\/v2\/pages\/122\/revisions"}],"predecessor-version":[{"id":225,"href":"http:\/\/roboczaxybergen.pl\/index.php?rest_route=\/wp\/v2\/pages\/122\/revisions\/225"}],"wp:attachment":[{"href":"http:\/\/roboczaxybergen.pl\/index.php?rest_route=%2Fwp%2Fv2%2Fmedia&parent=122"}],"curies":[{"name":"wp","href":"https:\/\/api.w.org\/{rel}","templated":true}]}}